 b = 3 - 0. Let n(y) = 61543*y**2 - 4 + 0*y - y**3 + 4*y - 61540*y**2. What is the remainder when 14 is divided by n(b)?
6
Let m(b) = b**2 + 3355*b - 30260. Let n = 0 - -157. What is the remainder when n is divided by m(9)?
13
Let m(r) = -r**3 - 56*r**2 + 284*r + 58. What is the remainder when m(-61) is divided by 274?
243
Let p = -25194 - -25215. What is the remainder when 15054 is divided by p?
18
Suppose 21*g - 44*g + 80190 = 22*g. What is the remainder when g is divided by 8?
6
Let o(q) = -361*q + 732*q - 5*q**3 + 6*q**2 - 365*q - 2. What is the remainder when o(-3) is divided by 29?
24
Let d = -216 - -429. Suppose -352*x + 353*x = 5*c - 116, 0 = 2*c + 5*x - 68. What is the remainder when d is divided by c?
21
Suppose 14*w - 98 + 150 = 108. What is the remainder when 3391 is divided by w?
3
Suppose 40 = 2*j + 3*j. Let h be (-52)/10*50/40*-6. What is the remainder when h + ((-2)/6)/(36/216) is divided by j?
5
Let h(g) = -g**3 - 3*g**2 + 13*g + 346. Calculate the remainder when h(0) is divided by 23.
1
Let o(d) = -15*d - 98. Suppose -4*f = 4*k - 28, -2*f = -6*f + 3*k + 7. What is the remainder when o(-7) is divided by f?
3
Suppose 3*h - 21 = 4*s + 208, 0 = -3*s - 12. Let r = -188 + 200. Calculate the remainder when h is divided by r.
11
Suppose -4*n + 41 = -3*z, -2*n - z + 5*z + 28 = 0. Let l(c) = c**2 - 2*c - 32. Calculate the remainder when -1*92/((-4)/2) is divided by l(n).
14
Suppose -117*r - 14*r + 121175 = 0. What is the remainder when r is divided by 921?
4
What is the remainder when 4264 is divided by 4 + 574/28 + (-15)/(-6)?
25
Suppose 3*z - 21 = 0, -8*c = -13*c + 5*z + 195. Calculate the remainder when 1044 is divided by c.
32
Suppose 0 = 4*z - 25 - 3. Suppose r = -2*x + z, -2*r - 5*x + 5 = -7. Let p(i) = i**3 + i**2 - 55*i - 54. Calculate the remainder when r is divided by p(-1).
0
Suppose -16326 - 31665 = -10*j - 16101. Calculate the remainder when j is divided by 19.
16
Suppose -2*c = f - 167, 55*f - 60*f = c - 106. Calculate the remainder when 401 is divided by c.
77
Let w(r) = -827*r + 6697. What is the remainder when w(-5) is divided by 63?
59
What is the remainder when (-34 - 120630/(-210)) + (-6)/14 is divided by 106?
10
Suppose 0 = 3*i + 3*v - 123, -1715*i + 4*v - 112 = -1718*i. Let y(m) = m**2 + 2*m - 5. Let a = 9 - 5. Calculate the remainder when i is divided by y(a).
14
Let h be (1/2)/((-2)/52). Let i = h + 138. Suppose a - 2*r + r = 38, -5*a - 4*r = -136. Calculate the remainder when i is divided by a.
29
Let i(c) = -c**2 - 154 + 36 - 13*c + 4*c**2 + c**2. Suppose 6*a - 2*a = -4*j + 40, -j = 3*a. Calculate the remainder when i(-6) is divided by j.
14
Let s = 34739 - 27961. What is the remainder when s is divided by 21?
16
Let r = -681 - -655. Let u(c) = c**3 + 25*c**2 - 25*c + 87. Calculate the remainder when u(r) is divided by 20.
1
Let c(b) = -2*b**3 - 4*b**2 + b + 1. Suppose -5*i + 126 - 66 = 0. Suppose -2*r - i = -72. Calculate the remainder when r is divided by c(-3).
14
Suppose 646*l - 547*l = 221463. What is the remainder when l is divided by 112?
109
Let d = -11603 + 11711. What is the remainder when d is divided by 19?
13
Let l = 69 - 63. Suppose -3*s + 110 = f, -2*f = -2*s - 0*f + 76. What is the remainder when s is divided by 28/l*150/35?
17
Suppose 4*f + 386 + 110 = 0. Let g = -91 - f. Suppose -36*s + 57 = -g*s. Calculate the remainder when 51 is divided by s.
13
Let a(j) = j**3 - 23*j**2 + 129*j + 8. Suppose 30 = 5*b + 5*v - 120, 0 = -5*b - v + 134. Calculate the remainder when a(14) is divided by b.
24
Suppose 111*f = 117*f + 2022. Let h = 357 + f. Calculate the remainder when 57 is divided by h.
17
Suppose 5*a = -15, 9*r = 12*r - 4*a - 1530. Let m = -359 + r. Let i(b) = -b**3 + 4*b**2 + 5*b - 5. What is the remainder when m is divided by i(4)?
12
Suppose 2*i = 3*a + 174, 2*i = 218*a - 217*a + 174. What is the remainder when i is divided by 24?
15
Let s(z) be the third derivative of 37*z**5/60 + z**4/24 + z**3/6 + 17*z**2 + z. Calculate the remainder when 127 is divided by s(1).
10
Let p = 25 - 8. Suppose -3*g - 2*g - 3*l = -1509, 5*l - 293 = -g. Suppose k - 4*k + g = 0. What is the remainder when k is divided by p?
16
Suppose 5*s - 3*j - 170 = 0, 3*j = -3*s + 2*j + 88. Let q be (8/(-5))/(2*3/(-150)). Let i = q - 20. What is the remainder when s is divided by i?
11
Let w = -60 - 0. Let m = 66 + w. Suppose 2*d - m = 70. Calculate the remainder when d is divided by 10.
8
Let d = 9 - 5. Suppose -2*l = l - d*c - 20, 3*l + 3*c + 15 = 0. Suppose -6*q + l*q = -6. What is the remainder when 5 is divided by q?
0
Let v(b) = 2*b**2 - 22*b - 11. Let y be v(15). Suppose 4*c - 483 = y. Calculate the remainder when c is divided by 30.
28
Suppose 101*f - 9536 = -143. Calculate the remainder when 1023 is divided by f.
0
Let g(l) = 935*l**2 - 14*l + 19. Let r be g(2). What is the remainder when r/35 + (-2)/(-5) is divided by 10?
7
Let y(h) be the third derivative of -10*h**2 - 1/6*h**4 + 0*h + 0 + 29/6*h**3. What is the remainder when y(-12) is divided by 26?
25
Suppose 71629 - 9469 = 37*q. Calculate the remainder when q is divided by 22.
8
Suppose 11*v = 16*v - 2415. Suppose -6*s = 99 - v. Calculate the remainder when s is divided by 34.
30
Let u(n) = -137*n**2 - 1. Let t be u(4). Suppose 19*m - 14 = -109. What is the remainder when 102 is divided by (-1)/m + t/(-85)?
24
Suppose 11*k - 774 = 612. What is the remainder when k is divided by 68?
58
Let l be 1*4/8 - (-212)/8. Suppose -57 = -2*d + l. Calculate the remainder when d is divided by 15.
12
Suppose -262*q + 259*q + 3*v + 267 = 0, 0 = 2*v - 12. What is the remainder when 1032 is divided by q?
82
Let o = -13 + 12. Let v be (0 - 0)/(-1*(-2)/o). Suppose v = 2*f + 10, 3*k - 5*f = -f + 98. Calculate the remainder when 74 is divided by k.
22
Let g be (12 + -19)*(0 - -1). Let k(c) = -c**2 - 13*c - 9. Let y = -127 - -189. Calculate the remainder when y is divided by k(g).
29
Suppose -9 = -5*m + 206. Let s(c) = -2*c**3 - 136*c**2 + 135*c - 196. What is the remainder when m is divided by s(-69)?
10
Suppose -3*p = -o + p - 15, 5*o + 4*p - 21 = 0. Calculate the remainder when ((-4)/(-2) + 36/(-9))*(-120 + 118) is divided by o.
0
Suppose 7 = -7*y + 49. Let s(h) = -15*h + 103. Calculate the remainder when 26 is divided by s(y).
0
Let p(g) = 17*g**2 + 5*g - 2. Let f be p(-4). Suppose -f = -72*u + 67*u. Calculate the remainder when u is divided by 7.
1
Suppose 5*v - 5*r + 3*r - 195 = 0, -4*v - r = -169. Suppose -4*k = -v - 15. Calculate the remainder when 53 is divided by k.
11
Let f = 65 + -68. Let r be 137 - f/2*24/18. Let m = r - 99. Calculate the remainder when 197 is divided by m.
37
Suppose 3*u - 3*n = -3, n = -2*u + 2*n - 4. Let z be (-6)/(-21) - 16/56. What is the remainder when 19 is divided by z + 1*3*(0 - u)?
1
Suppose 0 = -2*n - 3 + 7. Suppose -n = 2*a - 6. Calculate the remainder when (a - -3)/(-5) + 32 is divided by 9.
4
Let y = 28582 - 24055. Calculate the remainder when y is divided by 7.
5
Let z be 1514/7 + (-6)/21. Let w = z + -122. Suppose 616*d - 15168 = -16*d. What is the remainder when w is divided by d?
22
Let p be -2 - 1/(-1) - (383 + -17). Let m = 375 + p. Calculate the remainder when 358 is divided by m.
6
Suppose -337*j + 4278 = -244*j. What is the remainder when 2619 is divided by j?
43
Let t = -1936 + 2338. Calculate the remainder when t is divided by 180.
42
Let i(u) = 5*u + 106. What is the remainder when 433 is divided by i(-7)?
7
Let s(f) = -3*f**2 - 437*f + 1089. Calculate the remainder when s(-144) is divided by 181.
180
Suppose 3707 = 19*h + 135. Let b = -175 + h. What is the remainder when 244 is divided by b?
10
Let w be (-4 - -4)*6/24. Suppose -3*v + v + 5*x + 77 = w, -2*v + 3*x = -71. Calculate the remainder when 52 is divided by v.
21
Suppose 2*x + 329 - 49 = 0. Calculate the remainder when (1 + (x/(-8))/(-5))*-52 is divided by 23.
15
Let n = -239 + 280. Suppose -r = 19 - n. Calculate the remainder when 38 is divided by r.
16
Suppose -2*g - 1134 = -7*g - 2*m, -3*g + 2*m + 658 = 0. What is the remainder when 1311 is divided by g?
191
Let o(t) = -2*t + 13. Let k be o(-4). Let r(n) = -n**2 + 20*n + 23. Let s be r(k). Suppose 65 = s*h + 59. What is the remainder when 11 is divided by h?
2
Let d(m) = -m**3 - m**2. Let l be d(-1). Suppose -a =